
Let t = 95 - 561. Let g = 347 - t. What is the units digit of g?
3
Let f = -6393 - -9176. What is the tens digit of f?
8
Suppose 5*c + 4991 = 12*c. Suppose 4*b + 415 = n, -3*n - b + 545 = -c. What is the units digit of n?
9
Let o = 47 + -57. Let u = o - -149. Let i = u + -71. What is the tens digit of i?
6
Let r(m) = 15*m**2 + 21*m + 99. Let a be r(-8). Suppose -17*n = 41 - a. What is the units digit of n?
0
Let i be 8*12/16*52/6. Let m be (-1 + 2)/(13/i). Suppose -2*t - 2*o = -482, -2*o = -m*t + 3*o + 955. What is the units digit of t?
0
Let t = 15 + -4. Let y(z) be the third derivative of -z**6/120 + 11*z**5/60 + 13*z**3/6 - 25*z**2. What is the tens digit of y(t)?
1
Let z(k) = 136*k**2 - 152*k + 509. What is the ten thousands digit of z(-18)?
4
Suppose -2 + 1 = 5*p - w, -3*w = -3. Let l = 5 - p. Suppose l*g + 206 - 526 = 0. What is the units digit of g?
4
Suppose 4*c + c = -4*o + 132, -5*o = -5*c - 120. Suppose -g + o = -167. What is the units digit of g?
5
Let l(j) = 3*j**2 - 23. Let g be l(-9). Suppose 2*w + 2*c = g, -2*w + 0*w + 220 = -4*c. Suppose -m - 32 = -w. What is the units digit of m?
8
Suppose 0 = -298*k + 440*k - 8035922. What is the units digit of k?
1
Let b be (34/(-9) - 2/9) + 1372. Suppose -46*v + b = -37*v. What is the hundreds digit of v?
1
What is the units digit of ((-117)/(-30) + (-22)/55)/((-4)/(-7384))?
1
Let c be -2*(1 + -1 - 1) + 0. Suppose -c*m + 0*m = 22. What is the units digit of (-9 - m)/(2/47)?
7
Suppose 2*c = 3*p + 10 + 2, p = 5*c - 17. Let m = 59 + -66. What is the units digit of (m/(-2) - c)/((-2)/(-284))?
1
Let r be 1/((-3)/66) + -2. Let q(j) = -2*j**2 - 51*j - 17. Let s be q(r). Let o = 62 - s. What is the units digit of o?
7
Let w(v) = -v**3 - 4*v**2 - 2*v + 9. Let k be w(-3). What is the units digit of (-2)/4*-49*k?
7
Suppose 0 = -8*t - 144 + 80. What is the units digit of 1/t - 141995/(-280)?
7
Let j be ((-2)/(-3))/(10/11595). Let q = -552 + j. What is the hundreds digit of q?
2
What is the units digit of 3464*5*(-15)/(-50)?
6
Suppose -3*d - d = -5*g + 116, -5*d - 145 = 2*g. Let b = d + 23. Let f(s) = 3*s**2 + 9*s + 11. What is the tens digit of f(b)?
6
Let h(d) = 2*d**2 + 35*d + 56. Let s be h(-29). Suppose 0 = 2*w - o - s, -3*w + 9*o + 1107 = 12*o. What is the tens digit of w?
6
Let l(w) = -168*w + 2102. What is the tens digit of l(-19)?
9
Let l(s) = -s**2 + s. Let j(g) = -4*g**2 - 7*g + 6. Let a(u) = -j(u) + 5*l(u). Let q = 3 - -7. What is the units digit of a(q)?
4
What is the tens digit of (-9 - (-55)/(-15))*2/4*-966?
1
Let y = -42 + 62. Let p(j) = 23*j + 102. What is the units digit of p(y)?
2
Let c be (54/10)/(9/30). Suppose 6*t + c = 12*t. Suppose -510 = -t*b - 3*f, -3*f + 43 = -b + 217. What is the hundreds digit of b?
1
Suppose -5*b = 3*a - 72825, 2*a - 67595 + 19047 = -3*b. What is the thousands digit of a?
4
Let m = -729 + 518. Let g = 466 + m. What is the units digit of g?
5
Suppose 7*f - 282 = f. Suppose -10*g + 3 + f = 0. What is the tens digit of ((-62)/6)/(g/(-15))?
3
Let z = 10 - -5. Let k(w) = 8*w + 3*w - 16 + z*w. What is the units digit of k(4)?
8
Let f = -44 - -47. Suppose -f*s + 5 = -10. Suppose -3*n + g - 393 = -7*n, 3*n - s*g = 312. What is the units digit of n?
9
Let b(i) = -i**3 + 12*i**2 - 40*i + 20. Let l be b(5). Let x(t) = -4*t**3 - 3*t + 2*t**3 - 6 - 3*t**2 - 3*t**2. What is the tens digit of x(l)?
0
Let s = 51511 - 10281. What is the thousands digit of s?
1
Let o = 19 - 70. Let v = o - -48. What is the tens digit of (-1)/(v/6) - -8?
1
Suppose -4*f = 10 - 14. What is the hundreds digit of (29 - f)*215/20*1?
3
Let x be -3 + -4*(-159)/12. Suppose -5*y = 5*i - x, 0 = 4*i - 4*y - 0*y. Suppose -w = i*g - 10, 5*w + 3*g = -6 + 78. What is the tens digit of w?
1
Let u = -72939 - -138185. What is the hundreds digit of u?
2
Let u(a) = -5*a + 102. Suppose 25 = 3*q - 5*h, 7*q - 6*q - 3*h - 3 = 0. What is the units digit of u(q)?
7
Let x = 50782 + -31020. What is the tens digit of x?
6
Let s(h) = -h**3 - 4*h**2 + 6*h + 4. Suppose -4*m - 20 + 4 = 0. Let z be s(m). Let d = 64 + z. What is the tens digit of d?
4
Let q(n) = -2*n**3 + 9*n**2 + 21*n + 31. What is the thousands digit of q(-10)?
2
Suppose -20*h + 68257 = 29*h. What is the units digit of h?
3
Let r(z) = -9*z**2 + 1009*z - 9. What is the ten thousands digit of r(54)?
2
Let h = -89420 - -130767. What is the ten thousands digit of h?
4
Suppose -2*u - t = 3*t - 7290, 5*u - 18195 = 5*t. Suppose 0 = 3*k - 11*i + 7*i - u, 5*i + 3637 = 3*k. What is the tens digit of k?
1
Suppose 7 + 9 = 4*l. Suppose 2*h - 756 = l*h. Let i = -238 - h. What is the units digit of i?
0
Let c(p) = p**3 + 4*p**2 - 4*p + 5. Let l be c(-5). Let o = -204 - -211. Suppose l = -o*j + 726 + 135. What is the hundreds digit of j?
1
Suppose 5*t + 1 = -2*w, 2*w = 2*t + 2 - 10. Let h(x) = -81*x - 31. What is the tens digit of h(w)?
1
Suppose -746*p + 1509360 = -722*p. What is the units digit of p?
0
Let q(f) = 5557*f - 6021. What is the tens digit of q(12)?
6
Let g = 1330 + -716. Suppose t - g = -y, -2 + 1 = y. What is the tens digit of t?
1
What is the thousands digit of 256809260/14260 + 4/(-62)?
8
Suppose -13*j + 296 + 315 = 0. What is the units digit of j + 15 - 3*2?
6
Suppose -5*h = -2*h - 75. Let t(l) = -l**3 - 5*l**2 - l + 15. Let p be t(-3). Suppose p = h*z - 20*z - 190. What is the tens digit of z?
3
What is the units digit of (-3 - 39*2/(-18))/((-6)/(-172512))?
6
What is the thousands digit of (134/268)/(2/142540)?
5
Let d(q) = q**3 - 8*q + 2. Let w be d(3). Suppose -1080 = 5*l + 4*a + a, w*a - 624 = 3*l. Let r = l + 351. What is the units digit of r?
8
Let d = 208 + -209. What is the hundreds digit of (-2 - d)/((-2)/794)?
3
Let w be (4593 + 9)/2 + 4*1. Suppose 12*n = 17*n - 5*i - w, 2*n = -2*i + 942. What is the hundreds digit of n?
4
Let g = 119 - 115. Suppose -2*b + 890 = -o, 2*b - 914 = -o - g*o. What is the tens digit of b?
4
Let j(s) = -s**2 + 13*s - 2. Let m be j(10). Suppose f - 8*f + m = 0. What is the tens digit of 119/f + 1/4?
3
Suppose 2*d = 2*r + 4*d, 2*r + 5*d + 6 = 0. Suppose -r*j + 0 = 6, -3*i + 3*j - 261 = 0. Let p = i + 199. What is the tens digit of p?
0
Let w = 115 + -106. Suppose 44*q - 41*q = w. Suppose -q*t + 3*x + 504 = -0*x, 0 = -3*t + 2*x + 505. What is the units digit of t?
9
Suppose -18*l + 17*l - 5*n = -904, -5*l - n + 4616 = 0. Suppose 5*j = l + 851. What is the hundreds digit of j?
3
Let y(p) be the second derivative of 3*p**4/4 + 19*p**3/6 + p**2/2 - 32*p - 2. What is the units digit of y(-6)?
1
Let g(z) = 34*z + 213. Let m be g(-7). What is the units digit of (-5)/m - 2/(10/(-139))?
8
Suppose -369759 = -31*j + 473402 - 25815. What is the ten thousands digit of j?
2
Suppose 6*h - 2*x = 5*h + 2693, 5*h + 2*x = 13405. Suppose 1345 + h = 4*p + 2*v, -5*p + 5035 = -4*v. What is the hundreds digit of p?
0
Suppose -3*w - 3*d + 9573 = 0, 2*d + 913 = -3*w + 10492. What is the hundreds digit of w?
1
Suppose -11 = 4*w - 27. Suppose w*q - 2*p = 602, 0*q - 4*q + 599 = -p. What is the units digit of q?
9
Let s = -4870 - -24414. What is the hundreds digit of s?
5
Suppose -4*w - 69655 - 24920 = -3*o, -4*o + 126090 = -2*w. What is the thousands digit of o?
1
Let k(b) = b**3 - b**2 - 3*b + 59. Let w(d) = d + 17. Let r(o) = 2*o + 52. Let i(f) = -3*r(f) + 8*w(f). Let x be i(10). What is the tens digit of k(x)?
5
What is the hundreds digit of (10 + -9)/((-30)/(-145230)*(1 - 0))?
8
Suppose 2*z - 24 = d, -d + 60 = 5*z - 4*d. Suppose -2*v - 3*o + 10 = 0, 4*v + 4*o + 0*o = z. What is the tens digit of 2 - (-3 + 4)*v*103?
0
Let n(a) = 9*a**2 + 41*a. Let d be n(-7). Suppose u - d = 75. What is the hundreds digit of u?
2
Let r(w) = 10*w - 5. Let i be r(1). Suppose -i*n = -n - 88. Suppose -q + 63 = c - n, 3*q - 247 = c. What is the tens digit of q?
8
Let z(q) = q**2 + q + 1. Let t(g) = g**2 + g - 1. Let v(a) = -t(a) + 6*z(a). Let j = -729 - -725. What is the tens digit of v(j)?
6
Suppose -39 - 66 = -5*o. Suppose 2*f = 7 - 1. What is the tens digit of f + 1 + 1*o?
2
Suppose -12814*x + 895320 = -12794*x. What is the hundreds digit of x?
7
Suppose -2*u + 2*c - 870 = 3598, -5*u - 11161 = -2*c. Let o = -1450 - u. What is the units digit of o?
1
Let w be 76 - (-3 - 2*-1). Let z(r) = r**3 + 19*r**2 - r - 12. Let l be z(-19). Let p = l + w. What is the unit